
26
What is the highest common factor of 10 and 530?
10
What is the greatest common divisor of 153 and 272?
17
What is the greatest common factor of 12315 and 45?
15
Calculate the highest common divisor of 138 and 621.
69
What is the highest common factor of 2406 and 42?
6
What is the greatest common divisor of 47 and 235?
47
Calculate the highest common divisor of 6633 and 36.
9
What is the highest common divisor of 6355 and 775?
155
What is the greatest common divisor of 237 and 3?
3
Calculate the greatest common factor of 30 and 3470.
10
Calculate the greatest common factor of 81 and 1080.
27
Calculate the greatest common divisor of 35 and 189.
7
Calculate the highest common factor of 16 and 6112.
16
Calculate the highest common divisor of 540 and 228.
12
What is the highest common divisor of 15 and 19905?
15
Calculate the greatest common divisor of 216 and 16.
8
Calculate the highest common divisor of 310 and 25730.
310
Calculate the highest common divisor of 162 and 30.
6
What is the greatest common factor of 5 and 65?
5
What is the greatest common divisor of 96 and 264?
24
What is the highest common factor of 145 and 8033?
29
What is the greatest common divisor of 70 and 110?
10
What is the highest common divisor of 39 and 1050?
3
Calculate the highest common factor of 86 and 1763.
43
Calculate the highest common factor of 399 and 1729.
133
Calculate the greatest common divisor of 510 and 30.
30
Calculate the greatest common factor of 28 and 3724.
28
Calculate the greatest common factor of 17 and 459.
17
What is the greatest common divisor of 113 and 113?
113
Calculate the highest common divisor of 125 and 5.
5
Calculate the greatest common divisor of 5 and 29.
1
What is the greatest common divisor of 137 and 5617?
137
What is the highest common factor of 200 and 13300?
100
What is the greatest common divisor of 273 and 42?
21
What is the highest common factor of 8 and 3032?
8
What is the highest common factor of 59 and 1?
1
Calculate the highest common factor of 162 and 288.
18
What is the highest common factor of 1212 and 12?
12
What is the highest common divisor of 2 and 46?
2
Calculate the greatest common divisor of 144 and 114.
6
What is the highest common divisor of 2139 and 69?
69
What is the highest common factor of 269 and 2421?
269
What is the greatest common divisor of 485 and 40?
5
Calculate the greatest common divisor of 42 and 3318.
42
Calculate the greatest common factor of 250 and 40.
10
Calculate the greatest common divisor of 714 and 133.
7
What is the highest common divisor of 14 and 1841?
7
Calculate the highest common factor of 5632 and 128.
128
Calculate the highest common divisor of 50 and 175.
25
Calculate the highest common factor of 1430 and 385.
55
What is the greatest common factor of 80 and 360?
40
What is the highest common divisor of 18 and 156?
6
What is the highest common factor of 15 and 73995?
15
Calculate the greatest common divisor of 11 and 385.
11
Calculate the highest common divisor of 2750 and 350.
50
Calculate the highest common divisor of 183 and 610.
61
What is the greatest common factor of 2622 and 1518?
138
Calculate the highest common divisor of 737 and 11.
11
What is the greatest common divisor of 556 and 10842?
278
Calculate the greatest common divisor of 22 and 2266.
22
Calculate the highest common factor of 85 and 935.
85
What is the highest common divisor of 1 and 49?
1
What is the greatest common divisor of 416 and 26?
26
What is the greatest common factor of 26 and 377?
13
What is the highest common factor of 64 and 448?
64
What is the greatest common factor of 41 and 123?
41
What is the greatest common divisor of 35 and 1505?
35
Calculate the greatest common divisor of 138 and 1564.
46
Calculate the highest common factor of 87 and 219.
3
Calculate the greatest common divisor of 28 and 476.
28
What is the greatest common divisor of 66 and 1551?
33
Calculate the highest common divisor of 16 and 152.
8
Calculate the highest common divisor of 525 and 70.
35
Calculate the greatest common factor of 837 and 108.
27
Calculate the highest common factor of 57 and 190.
19
Calculate the greatest common divisor of 133 and 4864.
19
What is the highest common divisor of 51 and 85?
17
Calculate the greatest common factor of 100 and 252.
4
Calculate the highest common divisor of 56 and 3584.
56
What is the highest common factor of 4 and 92?
4
Calculate the highest common divisor of 3658 and 1178.
62
Calculate the greatest common divisor of 60 and 6030.
30
What is the highest common divisor of 32 and 6?
2
What is the highest common factor of 26 and 1924?
26
Calculate the highest common divisor of 165 and 180.
15
Calculate the greatest common divisor of 132 and 484.
44
What is the greatest common divisor of 39710 and 330?
110
What is the highest common divisor of 33 and 1111?
11
Calculate the greatest common divisor of 395 and 3397.
79
What is the highest common divisor of 294 and 8036?
98
Calculate the greatest common factor of 128 and 1152.
128
What is the greatest common factor of 418 and 88?
22
Calculate the greatest common divisor of 259 and 7.
7
What is the highest common factor of 32 and 880?
16
What is the greatest common factor of 135 and 65?
5
What is the greatest common divisor of 33170 and 93?
31
Calculate the greatest common factor of 78 and 39.
39
Calculate the highest common divisor of 51 and 340.
17
Calculate the greatest common factor of 393 and 12.
3
Calculate the greatest common factor of 77 and 55.
11
Calculate the greatest common factor of 1 and 11.
1
Calculate the greatest common divisor of 219 and 292.
73
What is the greatest common divisor of 213 and 12567?
213
Calculate the highest common divisor of 26705 and 327.
109
What is the greatest common divisor of 22 and 583?
11
What is the greatest common divisor of 790 and 5?
5
What is the highest common divisor of 28551 and 93?
93
Calculate the highest common factor of 9 and 21.
3
Calculate the highest common factor of 36 and 1452.
12
What is the greatest common factor of 69 and 24?
3
What is the greatest common factor of 351 and 216?
27
Calculate the highest common divisor of 369 and 3813.
123
Calculate the highest common factor of 258 and 4773.
129
What is the greatest common factor of 80 and 5?
5
Calculate the highest common divisor of 7 and 1841.
7
Calculate the greatest common divisor of 208 and 32.
16
Calculate the greatest common divisor of 432 and 84.
12
What is the highest common factor of 136 and 102?
34
Calculate the highest common divisor of 28 and 2429.
7
Calculate the greatest common factor of 957 and 165.
33
What is the greatest common factor of 84 and 36?
12
Calculate the highest common divisor of 1984 and 31.
31
Calculate the greatest common divisor of 66 and 55.
11
What is the highest common factor of 24 and 4506?
6
Calculate the greatest common divisor of 13 and 1313.
13
What is the greatest common factor of 333 and 12?
3
Calculate the greatest common factor of 1476 and 120.
12
Calculate the greatest common divisor of 408 and 5508.
204
Calculate the greatest common divisor of 261 and 145.
29
What is the greatest common factor of 702 and 26?
26
Calculate the greatest common factor of 60 and 30.
30
What is the highest common divisor of 135 and 45?
45
Calculate the highest common divisor of 37 and 52873.
37
What is the highest common factor of 160 and 256?
32
Calculate the highest common divisor of 13 and 33917.
13
Calculate the highest common divisor of 180 and 80.
20
Calculate the highest common divisor of 768 and 656.
16
Calculate the greatest common divisor of 255 and 102.
51
What is the greatest common divisor of 1534 and 26?
26
Calculate the greatest common divisor of 72 and 696.
24
Calculate the greatest common divisor of 210 and 10.
10
What is the highest common divisor of 99 and 341?
11
What is the highest common factor of 160 and 8480?
160
What is the greatest common factor of 36 and 192?
12
Calculate the greatest common factor of 10 and 19660.
10
What is the greatest common divisor of 1 and 1709?
1
Calculate the highest common factor of 163 and 4238.
163
What is the highest common factor of 287 and 42?
7
What is the highest common factor of 56 and 2296?
56
Calculate the greatest common divisor of 8 an